of c?
5, 17
Let d(z) = 35*z**2 + 12*z - 13. Let o be d(5). Suppose 3*h - 4*m - o = 525, 4*h = 5*m + 1931. List the prime factors of h.
3, 163
Suppose -4*t - 100852 = -2*x, -7*x + 4*t = -218651 - 134411. What are the prime factors of x?
2, 3, 7, 1201
Let d = -12070 - -27551. List the prime factors of d.
113, 137
Suppose -84628 = 103*s - 108*s + 4*k, 67706 = 4*s - 5*k. What are the prime factors of s?
2, 4231
Let q(u) = 4*u**3 - 59*u**2 + 11*u + 32. Let c(h) = -2*h**3 + 30*h**2 - 5*h - 16. Let g(i) = -5*c(i) - 2*q(i). What are the prime factors of g(16)?
2
Let s be (1/(-2))/(((-92)/11816)/23). Let k = s - 453. What are the prime factors of k?
2
Let r(n) = 5*n + 72. Let g be r(-13). List the prime factors of (2 - 23*g)/((-192)/256).
2, 53
Let h be (-1*(-63)/12)/(15/40). Let z be 6/4*(h - 12). Suppose -4*g - j + 6*j = -569, -2*j + 421 = z*g. List the prime factors of g.
3, 47
Let a = -8332 - -16527. List the prime factors of a.
5, 11, 149
Let b = -46 - -47. Let r(f) = -44*f**2 + 2*f - 1. Let u be r(b). Let s = 54 + u. What are the prime factors of s?
11
Let g = 61 - 57. Let j(p) = 2*p**3 - 5*p**2 - 4*p - 6. List the prime factors of j(g).
2, 13
Suppose -724 = 9*z - 7*z. Let s = 696 + z. Suppose 2*h = -0*h + s. What are the prime factors of h?
167
Let r = -22 - -27. Let a(o) = -1 - r + 0*o - 4*o. What are the prime factors of a(-3)?
2, 3
Let m(c) = 4*c + 64. Let u be m(-16). Suppose u = 5*p + 15, -27 = -3*g + p. List the prime factors of (4 - -20*g) + 5.
13
Let r(j) = 73*j + 461. List the prime factors of r(19).
2, 3, 7, 11
Suppose -v - 3*z = -21107, -17*v + z - 105633 = -22*v. List the prime factors of v.
2, 19, 139
Let l = 1978 - 1641. List the prime factors of l.
337
Suppose 0 = -p + 1. Suppose 0 = -50*s - 1122 - 4278. What are the prime factors of (p + 1)*s/(-18)?
2, 3
Let n be -14 + 976 + -1*7. Suppose -2*z + 5*m + 626 = m, 3*z = 2*m + n. What are the prime factors of z?
3, 107
Let m(b) = 1339*b - 1392. What are the prime factors of m(8)?
2, 5, 233
Suppose -h + 6*h = 0. Suppose 0*t - 5*t = 2*f + 17, f - 5*t - 29 = h. Suppose -121 = -s + 4*y, s - f*y = -2*s + 403. List the prime factors of s.
3, 47
Let g(q) = -3*q**2 - 7*q + 11. Let s(f) = f**2 + f. Let d(b) = -g(b) + 2*s(b). Let k be d(5). Let u = k + -79. List the prime factors of u.
2, 5
Suppose 970 = -2*r - 4*j + 3132, -2*r + 5*j + 2126 = 0. Let w = r + -225. List the prime factors of w.
2, 53
Let u(k) = -11*k**3 + 4*k**2 + 28*k + 106. List the prime factors of u(-13).
3, 5, 11, 149
Let m(g) = -5*g - 17. Let w be m(-4). Suppose 5*l - 16 = z + 3, 2*z - 1 = -w*l. What are the prime factors of (3815/25 - l) + (-2)/(-5)?
2, 3, 5
Let h(r) = -26 - 25 - 4 + 13 - 135*r. List the prime factors of h(-2).
2, 3, 19
Let n(m) = m - 10. Let k be n(3). What are the prime factors of 1007/3 - 8/(-84)*k?
5, 67
Let f = -22 + 16. Let h be 3 + 22/f - (-20)/(-6). List the prime factors of 6/4 - 238/h.
61
Let s = 19577 + -8165. What are the prime factors of s/6*(-1)/(-3)?
2, 317
Suppose 31960 = 3*p + 3*f - 10622, 0 = 5*p + 3*f - 70974. List the prime factors of p.
2, 3, 7, 13
Let m(p) be the third derivative of -13*p**2 + 1/20*p**5 + 2/3*p**6 + 0 - 1/24*p**4 + 0*p**3 + 0*p. List the prime factors of m(1).
2, 41
Let m = 146 - 145. Suppose 5 = -2*l + m, 5*v - 121 = -2*l. List the prime factors of v.
5
Suppose -5*k + 605 + 160 = 0. Suppose -5*y + 142 = -k. Let o = 94 - y. What are the prime factors of o?
5, 7
Let g = 136987 + -85172. List the prime factors of g.
5, 43, 241
Let l(k) = 50*k. Let u be l(1). Let q = u + -49. Suppose b + 1 = -q, 0 = d + 5*b - 25. List the prime factors of d.
5, 7
Suppose 9328 = g + 4*w, -6*g = -5*g + 3*w - 9326. List the prime factors of g.
2, 5, 233
Let s(b) be the first derivative of 1/2*b**2 + 22 + 1/3*b**3 + 60*b. List the prime factors of s(0).
2, 3, 5
Suppose -22847 = -3*j + 2*x, -4*x - 2879 + 10518 = j. List the prime factors of j.
19, 401
What are the prime factors of ((-1524384)/(-60) - 6/(-10)) + (17 - 22)?
2, 13, 977
Suppose 3*a - 7*a = -4, 0 = -4*r + 5*a + 223. Let c(j) = -2*j**2 - j + 4. Let s be c(3). Let o = r + s. List the prime factors of o.
2, 5
Let y be 6/(-27) + -1 + 33/27. Let f be (-6)/(-1 - ((4 - 3) + y)). Suppose 728 = f*v + 59. List the prime factors of v.
223
Let m be -28 + (-5 - -2)*16/12. Let u = -92 - m. Let d = u + 269. List the prime factors of d.
11, 19
Let j(z) = 104*z - 172. Let i(g) = -42*g + 69. Let t(q) = 12*i(q) + 5*j(q). Let v be t(12). Let m = v - 96. List the prime factors of m.
2
Suppose 0 = 4*y + 3*r - 4782 - 7668, 0 = 3*r + 6. List the prime factors of y.
2, 3, 173
Suppose -2*j = -12*j + 30. Let g(z) = 114*z**2 - 9*z + 6. List the prime factors of g(j).
3, 5, 67
Let t(l) = -l**2 - 12*l - 15. Let x be 0/(1/1) + (-6 - 0). Let q be t(x). Suppose -4*n + 3*n = -q. List the prime factors of n.
3, 7
Let t = -13160 + 22523. What are the prime factors of t?
3, 3121
Let b(f) be the second derivative of -f**3/6 + 3*f**2/2 - 9*f. Let g be b(6). List the prime factors of 1*(-1208)/(-12)*g/(-2).
151
List the prime factors of -11 - 208*(-261 - -21).
29, 1721
Let y = 505 - 501. Suppose 64*i = 68*i + y*p - 6284, -6284 = -4*i - 5*p. What are the prime factors of i?
1571
Let h(g) = -90*g**2 + 8*g - 7. Let v(k) = 91*k**2 - 7*k + 6. Let u = -17 - -22. Let s(f) = u*h(f) + 6*v(f). List the prime factors of s(-1).
3, 11
Let u(g) = 29*g + 2. Let f(j) = 30*j + 2. Let y(q) = 5*f(q) - 6*u(q). Suppose 8*v + 5994 = 5978. What are the prime factors of y(v)?
2, 23
Let j(g) = 4*g**2 - 3*g - 13. Let k be j(3). Suppose 0*w = -k*w + 6930. What are the prime factors of w?
3, 5, 11
Let q = -44 + 45. Suppose -q = -3*w + 2. List the prime factors of (61 - (-6)/(-2)) + w.
59
Let w(j) be the second derivative of j**5/8 + 5*j**4/4 - 14*j**3/3 + 31*j. Let f(a) be the second derivative of w(a). What are the prime factors of f(5)?
3, 5, 7
Let r(b) = 29*b - 42. Let u be r(7). Let c = u - -274. List the prime factors of c.
3, 5, 29
Suppose 0 = 62*i - 102874 - 127270. List the prime factors of i.
2, 29
Let d(k) = -4*k. Let a(b) = -469*b - 1. Let n(f) = -a(f) + 3*d(f). List the prime factors of n(1).
2, 229
Let q(f) = 117*f**2 + 102*f + 76. What are the prime factors of q(-12)?
2, 5, 157
Let w be (-3436)/(-14) + 3 - 24/56. Suppose 250*q = w*q + 100. List the prime factors of q.
2, 5
Suppose -9 - 51 = -r + p, -r + 80 = 3*p. Suppose 11*f + 2*l + 317 = 16*f, -3*f = 3*l - 207. Suppose 2*x - r = f. What are the prime factors of x?
5, 13
Let r(q) be the first derivative of -25*q + 45/2*q**2 - 22. What are the prime factors of r(5)?
2, 5
Let n be 60/40*(-1 - -109). Suppose -14*i = -20*i - n. Let h = i + 201. What are the prime factors of h?
2, 3, 29
Suppose 3*i - 2*n - 32153 = 0, 11*i - n = 10*i + 10718. List the prime factors of i.
7, 1531
Suppose -5*a = 5*i, -3*a + 3*i + 30 = 6. List the prime factors of (-2325)/10*a/(-3) + 5.
3, 5, 7
Let q be 2*((-48)/(-120))/(4/1405). Let k = 471 - q. List the prime factors of k.
2, 5, 19
Let n(a) = -176*a + 22. Let r be n(1). List the prime factors of (-267)/(-7) - (-22)/r.
2, 19
Let r be (0 - 1) + (41 - 19). Let m = r + -16. Suppose j + j - 4*t - 248 = 0, -5*j + 635 = -m*t. List the prime factors of j.
2, 5, 13
Suppose 0 = 6*b + 16 - 4. Let q be -3 + (-198)/b*(-24)/(-36). Let h = 139 - q. What are the prime factors of h?
2, 19
Suppose -35*k + 79161 = -289949. What are the prime factors of k?
2, 5273
Suppose -89*t + 1023083 + 1124701 = 833432. List the prime factors of t.
2, 13, 71
Let l(p) = -728*p + 1732. List the prime factors of l(-16).
2, 3, 5, 223
Let b = 4035 + 946. List the prime factors of b.
17, 293
Let v(f) = -4*f**2 + 3*f - 4. Let n(u) = -25*u**2 + 19*u - 24. Let m(c) = 6*n(c) - 39*v(c). Let z = -14 - -20. What are the prime factors of m(z)?
2, 3, 5, 7
Let s(q) = 7 - 30*q**2 - 30*q**2 - 43*q**2 + 55 + 84*q**2 + 8*q + 2*q**3. List the prime factors of s(13).
19, 71
Let i = 111 + -107. Let f(g) = -5*g**2 + 2*g + 1. Let d be f(i). List the prime factors of -2 - -5 - 2*1*d.
5, 29
Let m = 589 - 593. What are the prime factors of 2 - ((-4 - m) + 4) - -498?
2, 31
Let x(t) = 521*t**2 + 59*t + 180. List the prime factors of x(-3).
2, 3, 17, 23
Let t(k) be the first derivative of -k**4/4 - 8*k**3/3 - 7*k**2 - 7*k - 22. List the prime factors of t(-11).
2, 